when 33 is divided by g(-7)?
3
Suppose -141 = -3*a - 3*w, -1 = 2*w + 7. Calculate the remainder when 508 is divided by a.
49
Suppose -12*c = -14*c + 6. Suppose w + 4 = c*w. Suppose -2*t - w = -3*t. Calculate the remainder when 4 is divided by t.
0
Let u(s) = 2*s - 9. Let x be u(7). Suppose -3*o - 51 = -3*i - 6*o, 115 = x*i - o. Let k = 38 - 26. What is the remainder when i is divided by k?
10
Suppose n = 2*n + 5*v + 15, -4*n = -3*v + 14. Let j be (1/(-2))/(1/(-20)). Let g = n + j. What is the remainder when 13 is divided by g?
3
Let a(v) = 2*v**2 + 5*v + 10. Calculate the remainder when 87 is divided by a(-4).
21
Let f(j) = 2*j**3 + 16*j**2 + 7*j - 13. Calculate the remainder when f(-7) is divided by 11.
3
Suppose 19*z = 22*z - 777. What is the remainder when z is divided by 52?
51
Suppose -3*b = 12, 32 = z + 9*b - 12*b. Let s(q) = q**3 - 5*q**2 + 5*q - 7. Let j = 11 + -5. Calculate the remainder when s(j) is divided by z.
19
Suppose 224 = 5*v - 2*l, -5*l = 5*v - v - 166. What is the remainder when v is divided by 5?
4
Let f = -8 + 12. Suppose -f*p + 182 - 35 = 5*m, -144 = -5*m - 3*p. What is the remainder when 2726/26 + 16/104 is divided by m?
24
Suppose -3*d - 160 = -4*l, -2*l - 3*d = -107 + 9. Calculate the remainder when l is divided by 17.
9
Let r(j) = j**3 - 8*j**2 + 3*j - 4. Calculate the remainder when 38 is divided by r(8).
18
Let w = 38 + -34. Suppose w*m + m - 150 = 0. What is the remainder when 147 is divided by m?
27
Let y(k) = 2*k**2 + 28*k - 30. Let r be y(-15). Suppose -a + 2*m + 33 = r, 7 = -m + 2. Calculate the remainder when 90 is divided by a.
21
Suppose -9*u + 74 = 2. Let i be (-19)/3 + 4/(-6). What is the remainder when (-96)/i - 2/(-7) is divided by u?
6
Let s(b) = -b**2 - 35*b - 10. Let x(g) = 34*g + 10. Let h(c) = 3*s(c) + 4*x(c). What is the remainder when h(10) is divided by 7?
6
Let l(g) = -6*g + 2. Let s be l(1). Let v = s - -7. Suppose -4*n - 2*c = -43 - v, 3*n - 4*c - 51 = 0. Calculate the remainder when n is divided by 5.
3
Let r(f) = 3*f - 48. What is the remainder when 51 is divided by r(27)?
18
Let c(s) = s - 3. Let o = 15 - 9. What is the remainder when 9 is divided by c(o)?
0
Suppose -2*i = -6*i + 5*o + 37, i = o + 10. Calculate the remainder when i is divided by 12.
1
Let k(l) = -l**2 + 9*l - 2. Let d be k(7). Let b = 6 + d. Calculate the remainder when 10/(-25)*6/(-4)*55 is divided by b.
15
Let m(z) = -4*z**2 + 152*z + 13. Calculate the remainder when 178 is divided by m(38).
9
Let y be 4/18 + 166/(-18) + 5. Let r(p) = p**3 + 8*p**2 - 6*p - 5. Calculate the remainder when r(y) is divided by 21.
20
Let c be (-257)/4 + 8/32. Let p = -43 - c. Calculate the remainder when (-2226)/(-28) + (-6)/(-4) is divided by p.
18
Let f(a) = a**2 - a + 1. Let w be f(2). Suppose -w*i - m + 25 = 0, 0*i + 2*i = -4*m + 20. Let z = 9 + 5. What is the remainder when z is divided by i?
6
Let d = -100 - -107. What is the remainder when 137 is divided by d?
4
Suppose 5*b - 4*p - 148 = 0, 137 = -6*b + 10*b + 3*p. Calculate the remainder when 85 is divided by b.
21
Suppose 5*h - 5507 = -5*l - 33937, -3*h - 11372 = 2*l. Let s = -7972 - l. Calculate the remainder when s/(-42) + (-9)/21 is divided by 28.
26
Let p(f) = 55*f**2 + 9*f. Suppose -j = -2*l, 0*j - 4*j = -5*l. Suppose -2*z = -l*z - 24. Calculate the remainder when p(-1) is divided by z.
10
Let m = 74 + -50. Suppose 552 = 109*a - 92*a + 25. Calculate the remainder when a is divided by m.
7
Let a = -26 - -26. Suppose a = -2*u + 12*u - 110. What is the remainder when 51 is divided by u?
7
Suppose 4*f + 3*k - 96 = 0, 5*f + 5*k - 156 + 36 = 0. Suppose -f*d + 4*d = -300. Suppose -25 - 15 = -5*y. Calculate the remainder when d is divided by y.
7
Let l = -413 + 464. Let j(u) = -u**3 + 10*u**2 - 7*u + 9. Calculate the remainder when l is divided by j(9).
24
Let l(n) = n**3 + 8*n**2 + 14*n + 2. Let g be l(-6). Let s be (-1)/5 - 52/g. Suppose s*c + 0*c = 390. Calculate the remainder when c is divided by 27.
24
Suppose -5*l = 5*q - 5, 0*q = 2*q - 2*l + 18. What is the remainder when ((-9)/q)/((-9)/(-24)) is divided by (-15)/(-9) + 2/6?
0
Let n = -79 + 128. Suppose -55 = -8*z + n. Calculate the remainder when 24 is divided by z.
11
Let j be (-4 + 3)*-3 + -103. Calculate the remainder when 99 is divided by (-1 + -3)*j/16.
24
Suppose -11*u - 3 = -3. Suppose -a - 5*x + 10*x + 34 = u, 4*a + 2*x - 48 = 0. Calculate the remainder when 81 is divided by a.
11
Suppose 5*c + p = -3 + 4, -2 = -3*c - 2*p. Suppose -4*n - 6 + 14 = c. Calculate the remainder when 45/n*4/6 is divided by 6.
3
What is the remainder when (1 - 8/(-6))*33 is divided by -5 + (-488)/(-20) + 6/10?
17
Let f(b) = -11*b + 453. What is the remainder when f(33) is divided by 48?
42
Let k = -186 - -80. Let r = -96 - k. What is the remainder when 44 is divided by r?
4
Suppose 2*m = 4*m - 44. Let v be ((-4)/(-10))/((-2)/(-200)). Suppose -v = -t - 4*t. What is the remainder when m is divided by t?
6
Suppose -u + 69 = l, 0*u - 5*u = 2*l - 132. Let g = -54 + l. What is the remainder when 117 is divided by g?
15
Suppose -4*x + 44 = y, 55 = 5*x + 4*y - 3*y. Suppose -14 = -3*l + 4*l. Let a = x - l. Calculate the remainder when a is divided by 7.
4
Let r(y) = -y**3 - y**2 + 11*y + 26. Calculate the remainder when 85 is divided by r(0).
7
Suppose 0 = -5*a - k - k + 25, -2*k = -10. Suppose a*f + 5*t - 66 + 8 = 0, -5*t + 14 = -f. Let h = 117 - 75. Calculate the remainder when h is divided by f.
9
Suppose t + 69 = 4*p, -3*t + 93 = 5*p - 2*t. Let o = -13 + p. Suppose -y + 2*v + o = -7, v - 49 = -5*y. What is the remainder when 29 is divided by y?
9
Let n(m) = -42*m - 34. Let k(h) = 2*h + 2. Let p be k(-3). What is the remainder when n(p) is divided by 34?
32
Suppose -2*o + 20 = 4*s, 0 = 7*s - 2*s. Let v = 1 - 0. Let w = o + v. Calculate the remainder when 21 is divided by w.
10
Suppose 315 = 22*t + 51. Calculate the remainder when 29 is divided by t.
5
Suppose -3*r + 3*x - 78 = 6*x, 5*r = 3*x - 138. Let k = -9 - r. Let i(w) = 4*w - 17. What is the remainder when k is divided by i(7)?
7
Let l be -5*(18 + 3)/(-3). Let x = -21 + l. Suppose k = 2*g - 109, -3*g + 4*k + 119 = -47. Calculate the remainder when g is divided by x.
12
Let s(g) = -g**2 + 14*g - 4. Let h be (-28)/(-12)*30/(-2). Let o = h - -92. What is the remainder when o is divided by s(12)?
17
Suppose 0 = 2*m + 4*w - 240, 3*m + 5*w - 94 - 269 = 0. Let l = m + -78. Calculate the remainder when l is divided by 17.
14
Let k(d) = d + 11. Let l be k(0). Suppose -l*w - 237 = -14*w. Suppose w = 3*h + 19. What is the remainder when 59 is divided by h?
19
Let p be (-47)/(-3) + 1/3. Suppose 2*y + 0*y + p = 3*t, 6 = -3*y. Calculate the remainder when t is divided by 3*((-64)/12)/(-8).
0
Suppose -9*s + 43 = -326. What is the remainder when 75 is divided by s?
34
Let z = 16 + -5. Suppose 0*t - 193 = -3*t + 4*b, -4*t + 5*b + 257 = 0. What is the remainder when t is divided by z?
8
Let u = 14 + -12. Suppose 0*j - j + u*y = -34, 0 = -j + 5*y + 25. Let r = -39 - -60. Calculate the remainder when j is divided by r.
19
Let c(k) = k**3 - 41*k**2 - 90*k + 187. Let r = -122 - -175. What is the remainder when r is divided by c(43)?
8
Suppose 5*g - 4*c = 79, -2*c - 3 = -11. Calculate the remainder when 32 is divided by g.
13
Suppose 2*c + 4*x - 177 = -57, -4*x = -4*c + 180. Calculate the remainder when 117 is divided by c.
17
What is the remainder when 38 is divided by (84/(-8))/(2/(-4))?
17
What is the remainder when 78 is divided by -4*(-637)/104*(-36)/(-21)?
36
Calculate the remainder when 15805/35 - 42/(-98) is divided by 13.
10
Let n(f) be the second derivative of f**4/6 + f**3/2 - f**2 + f. Let m be n(1). Suppose -4*o + 30 = -m*o. Calculate the remainder when o is divided by 16.
14
Let g be 2 - (-3)/2*2. Suppose c - 67 = -3*c - 5*z, -g*c = -z - 62. What is the remainder when c is divided by 6?
1
Let d = 2 - 2. Suppose d*l = -3*l + 51. Suppose -26*y = -41*y + 1005. What is the remainder when y is divided by l?
16
Let h be ((-63)/(-28))/((-33)/(-24) - 1). Calculate the remainder when (-280)/(-6) + -3*h/27 is divided by 0 - ((-1)/(-1) + -17).
14
Suppose 2*b - 5 = 2*o + 3, -4*o = 4*b - 16. Calculate the remainder when 205 is divided by 642/12 + (-6)/b.
49
Suppose 0 = -4*j + 5*z - 10*z + 264, 5*z - 20 = 0. Wha